the remainder when 7301 is divided by 2427?
20
What is the remainder when 589 is divided by 150?
139
What is the remainder when 255 is divided by 8?
7
Calculate the remainder when 98 is divided by 56.
42
What is the remainder when 37 is divided by 23?
14
Calculate the remainder when 329 is divided by 129.
71
Calculate the remainder when 83 is divided by 54.
29
Calculate the remainder when 621 is divided by 22.
5
Calculate the remainder when 6301 is divided by 26.
9
What is the remainder when 144 is divided by 22?
12
Calculate the remainder when 188 is divided by 51.
35
What is the remainder when 142 is divided by 19?
9
Calculate the remainder when 770 is divided by 156.
146
Calculate the remainder when 709 is divided by 54.
7
What is the remainder when 694 is divided by 14?
8
Calculate the remainder when 62 is divided by 23.
16
What is the remainder when 241 is divided by 57?
13
What is the remainder when 137 is divided by 29?
21
What is the remainder when 1853 is divided by 41?
8
Calculate the remainder when 2203 is divided by 17.
10
Calculate the remainder when 1027 is divided by 149.
133
Calculate the remainder when 362 is divided by 177.
8
What is the remainder when 717 is divided by 9?
6
Calculate the remainder when 75 is divided by 20.
15
What is the remainder when 1518 is divided by 502?
12
Calculate the remainder when 389 is divided by 36.
29
What is the remainder when 458 is divided by 115?
113
What is the remainder when 52 is divided by 12?
4
What is the remainder when 35172 is divided by 41?
35
Calculate the remainder when 734 is divided by 92.
90
Calculate the remainder when 575 is divided by 49.
36
What is the remainder when 335 is divided by 42?
41
Calculate the remainder when 91 is divided by 83.
8
Calculate the remainder when 2015 is divided by 21.
20
Calculate the remainder when 991 is divided by 198.
1
What is the remainder when 129 is divided by 66?
63
What is the remainder when 469 is divided by 164?
141
What is the remainder when 1922 is divided by 37?
35
Calculate the remainder when 1548 is divided by 515.
3
Calculate the remainder when 245 is divided by 68.
41
What is the remainder when 264 is divided by 4?
0
What is the remainder when 8388 is divided by 8376?
12
Calculate the remainder when 2792 is divided by 7.
6
Calculate the remainder when 159 is divided by 75.
9
What is the remainder when 572 is divided by 3?
2
Calculate the remainder when 499 is divided by 6.
1
What is the remainder when 223 is divided by 58?
49
What is the remainder when 1390 is divided by 228?
22
Calculate the remainder when 1244 is divided by 39.
35
Calculate the remainder when 1101 is divided by 91.
9
Calculate the remainder when 312 is divided by 9.
6
What is the remainder when 904 is divided by 305?
294
What is the remainder when 47 is divided by 22?
3
Calculate the remainder when 955 is divided by 34.
3
What is the remainder when 112 is divided by 30?
22
Calculate the remainder when 680 is divided by 22.
20
What is the remainder when 589 is divided by 98?
1
What is the remainder when 355 is divided by 49?
12
Calculate the remainder when 1348 is divided by 90.
88
What is the remainder when 3079 is divided by 77?
76
What is the remainder when 1768 is divided by 9?
4
What is the remainder when 117 is divided by 34?
15
What is the remainder when 6171 is divided by 98?
95
Calculate the remainder when 540 is divided by 39.
33
Calculate the remainder when 119 is divided by 19.
5
Calculate the remainder when 2532 is divided by 65.
62
What is the remainder when 2766 is divided by 44?
38
Calculate the remainder when 1648 is divided by 75.
73
What is the remainder when 2799 is divided by 80?
79
Calculate the remainder when 754 is divided by 21.
19
Calculate the remainder when 1535 is divided by 64.
63
Calculate the remainder when 499 is divided by 14.
9
What is the remainder when 153 is divided by 4?
1
Calculate the remainder when 403 is divided by 66.
7
What is the remainder when 831 is divided by 93?
87
What is the remainder when 458 is divided by 94?
82
Calculate the remainder when 1322 is divided by 472.
378
What is the remainder when 93 is divided by 19?
17
What is the remainder when 485 is divided by 61?
58
Calculate the remainder when 1725 is divided by 5.
0
What is the remainder when 3119 is divided by 60?
59
What is the remainder when 1700 is divided by 63?
62
Calculate the remainder when 476 is divided by 24.
20
Calculate the remainder when 978 is divided by 20.
18
Calculate the remainder when 128 is divided by 13.
11
Calculate the remainder when 5563 is divided by 116.
111
What is the remainder when 199 is divided by 15?
4
What is the remainder when 12898 is divided by 187?
182
What is the remainder when 26 is divided by 11?
4
Calculate the remainder when 1871 is divided by 616.
23
What is the remainder when 108 is divided by 20?
8
What is the remainder when 26 is divided by 3?
2
What is the remainder when 1375 is divided by 687?
1
What is the remainder when 74 is divided by 22?
8
What is the remainder when 65 is divided by 40?
25
Calculate the remainder when 222 is divided by 32.
30
Calculate the remainder when 61656 is divided by 39.
36
What is the remainder when 31 is divided by 17?
14
What is the remainder when 196 is divided by 135?
61
What is the remainder when 99 is divided by 17?
14
What is the remainder when 82 is divided by 24?
10
Calculate the remainder when 47 is divided by 5.
2
Calculate the remainder when 48 is divided by 22.
4
What is the remainder when 110 is divided by 5?
0
Calculate the remainder when 5579 is divided by 20.
19
Calculate the remainder when 8396 is divided by 37.
34
Calculate the remainder when 1902 is divided by 1900.
2
What is the remainder when 2799 is divided by 50?
49
Calculate the remainder when 104 is divided by 19.
9
Calculate the remainder when 107 is divided by 8.
3
Calculate the remainder when 4710 is divided by 62.
60
What is the remainder when 100 is divided by 46?
8
What is the remainder when 917 is divided by 23?
20
Calculate the remainder when 6671 is divided by 19.
2
What is the remainder when 1442 is divided by 17?
14
What is the remainder when 392 is divided by 102?
86
What is the remainder when 70 is divided by 21?
7
What is the remainder when 671 is divided by 6?
5
What is the remainder when 2399 is divided by 49?
47
Calculate the remainder when 4631 is divided by 57.
14
Calculate the remainder when 77 is divided by 16.
13
What is the remainder when 40 is divided by 19?
2
Calculate the remainder when 27 is divided by 20.
7
Calculate the remainder when 5695 is divided by 89.
88
Calculate the remainder when 5916 is divided by 296.
292
What is the remainder when 422 is divided by 106?
104
What is the remainder when 1211 is divided by 76?
71
Calculate the remainder when 489 is divided by 31.
24
Calculate the remainder when 1085 is divided by 25.
10
Calculate the remainder when 1461 is divided by 478.
27
What is the remainder when 246 is divided by 52?
38
Calculate the remainder when 1366 is divided by 72.
70
What is the remainder when 116 is divided by 38?
2
Calculate the remainder when 2623 is divided by 21.
19
Calculate the remainder when 430 is divided by 16.
14
Calculate the remainder when 160 is divided by 23.
22
Calculate the remainder when 2380 is divided by 141.
124
Calculate the remainder when 1074 is divided by 7.
3
Calculate the remainder when 43 is divided by 2.
1
What is the remainder when 477 is divided by 159?
0
Calculate the remainder when 2037 is divided by 145.
7
Calculate the remainder when 89 is divided by 24.
17
Calculate the remainder when 147 is divided by 19.
14
Calculate the remainder when 314 is divided by 137.
40
Calculate the remainder when 75 is divided by 34.
7
What is the remainder when 6212 is divided by 56?
52
Calculate the remainder when 2330 is divided by 29.
10
What is the remainder when 4287 is divided by 13?
10
What is the remainder when 183 is divided by 74?
35
What is the remainder when 152 is divided by 42?
26
What is the remainder when 24 is divided by 22?
2
What is the remainder when 341 is divided by 26?
3
Calculate the remainder when 3163 is divided by 14.
13
Calculate the remainder when 298 is divided by 20.
18
What is the remainder when 1145